*w**3 - w**2 + w + 8. Let d = -29 + 25. Let s(g) = 6*g**3 - 2*g**2 + 9. Let h(o) = d*l(o) + 3*s(o). Is h(-6) composite?
False
Let g(b) = 570*b**2 + 121*b - 734. Is g(7) composite?
True
Suppose 4*y = -3*l + l + 42, 3*y - 42 = 2*l. Suppose -3*m - 3 + y = 0, -2*f + 2*m + 2 = 0. Is (-1)/((-2)/2384) + -1 + f a prime number?
False
Let a(t) = 193*t**3 + 18*t**2 - 37*t + 461. Is a(14) a composite number?
False
Let i be -1 + (-4)/((-4)/3). Suppose -3*y + 15 = i*y. Suppose y*d - 1170 = 1221. Is d composite?
False
Is 200/(-50) - (-21966)/2 composite?
False
Suppose -64*d = -63*d - 2*p - 208947, 2*d = -2*p + 417936. Is d composite?
False
Suppose -2*g + 977 = c, 3*c + 0*c - 5*g = 2876. Let w = c + 904. Is w a prime number?
True
Let q(h) = 95*h - 15. Let b be q(7). Suppose 9*n - b = 1771. Let z = 508 - n. Is z composite?
False
Suppose 118*u - 124*u + 1206 = 0. Suppose 5*p + 3*h = -323 - 59, 2*p + 156 = -2*h. Let d = u + p. Is d composite?
False
Let a(i) be the second derivative of -380*i**3/3 + 369*i**2/2 + 25*i + 5. Is a(-8) composite?
False
Suppose -3*u + u - 22 = -4*m, -4*m = -3*u - 23. Suppose -6*o = m*o - 7469. Is o a composite number?
True
Let l be (-1 + 0 + 0)/(107/(-535)). Suppose 4*r = 2*c - 4138, 6*c + 2*r - 2069 = l*c. Is c prime?
True
Suppose 0 = 2*m - 2*x - 184, m = -4*m - 4*x + 415. Suppose -85*d = -m*d + 4190. Suppose -d = -11*v + 6*v. Is v a composite number?
False
Suppose -12*p - 38*p = -1605250. Is p prime?
False
Let t = -146 - -149. Let o = 6700 + -2034. Suppose -5*h + t*h + o = 0. Is h composite?
False
Suppose 97*y = 42281886 + 3428491. Is y composite?
False
Let l = 652 - 648. Suppose -l*t - 2 = -10, 3*p - 3293 = -t. Is p composite?
False
Let l be ((-3 - -8) + -6373)/((-1)/3). Suppose 6*p + 2862 - l = 0. Is p a prime number?
True
Suppose j + 46 = 56. Is (j + -933 + 2)/((-6)/2) prime?
True
Let a(u) = -129*u + 23. Let j = -28 - -69. Suppose -2*b = -j + 57. Is a(b) a prime number?
False
Suppose 7*o - 4 = 6*o. Suppose 4*i + o*w = 6532, 2*i - 1424 - 1837 = -w. Let d = i - 1075. Is d a composite number?
True
Suppose -18*v - 2 = -19*v. Suppose v*w = 3*w - 655. Suppose -3*c + w = 82. Is c composite?
False
Let c(s) = -13*s - 76. Let f be c(-6). Suppose 293 = f*b - b. Is b a composite number?
False
Suppose -16*r + 109254 + 6778 = 0. Suppose -12*j - 1504 = -r. Is j a composite number?
False
Let k(s) be the second derivative of -203*s**3 + 23*s**2/2 - 79*s. Is k(-2) a composite number?
False
Let r = -54 - -57. Suppose t - 4*t = -r. Is (3/3)/(t/251) a prime number?
True
Let x be ((-12)/8)/(3/(-45104)). Is x/32*(-1 + 2 + 3) a composite number?
False
Let h = -167 - -176. Let y(n) = 425*n + 24. Is y(h) composite?
True
Suppose 0 = 3*x + 2*j - 30, -2*x + j + 35 = 8. Suppose 0 = 2*z + 4*h - 4830, -x = -4*h - 4. Is z composite?
False
Let u(k) = -2*k**3 - 10*k**2 - 5*k - 4. Let r be u(10). Let n = 1139 - r. Is n prime?
False
Let r(p) = -p**3 + 6*p**2 + 2*p - 8. Let b be r(6). Suppose 2*t - b = t. Suppose 8 + 739 = t*u - a, -u + 5*a + 182 = 0. Is u prime?
False
Let j = 1678 + -1676. Suppose 0 = 5*p + 3*t - 37, 3*p + 8 = 7*p - 3*t. Suppose 0 = -a - 5*v + 347, 2*a - 1388 = -j*a + p*v. Is a composite?
False
Let y(q) be the first derivative of -616*q**2 - 265*q + 324. Is y(-4) composite?
False
Let h(y) = 91*y + 15. Let n(l) = -2*l + 16. Let m be n(7). Suppose -20 = -5*c + m*i, 4*c - 16 = -4*i + i. Is h(c) prime?
True
Suppose 10*g = 11*g - 4. Let a be -1*(g - 16/4). Suppose -10*q + 22210 + 4860 = a. Is q a composite number?
False
Suppose -1034*y - 11658 = -1040*y. Is y a composite number?
True
Let s(y) = 1933*y - 9. Is s(6) prime?
False
Let t(d) = 7 + 500*d - 328*d - 275*d. Let b be -2*(-7)/(28/(-8)). Is t(b) a prime number?
True
Let d = -61 + 64. Suppose -7*y + 8*y = -d*s + 4564, 2*s = 5*y - 22871. Is y a composite number?
True
Suppose 470 = -2*y + 1196. Suppose -4498 = -d + y. Is d a prime number?
True
Suppose 0 = 3*k - 0*k + 1224. Let q = -276 - -311. Let d = q - k. Is d prime?
True
Suppose 0 = 33*i - 570039 - 1545954. Is i a prime number?
False
Suppose 0 = -13*s + 142213 - 38811. Suppose 3*j = -517 + s. Is j a composite number?
True
Suppose -101570917 = -304*r + 23870731. Is r a prime number?
True
Let c = -69 - -84. Suppose 3*h + 12 = -5*k + 35, -c = -3*h + 3*k. Suppose -12 = -3*a, -h*u - 5*a + 4015 = -u. Is u composite?
True
Suppose -3*x - 1090 - 314 = 0. Let b be (-10144)/14 + (2 - 34/14). Let v = x - b. Is v a composite number?
False
Suppose -4772430 - 97051 = -53*j. Is j prime?
False
Suppose 2*d - 2*x = 8, 3*d - 10*x + 8*x - 11 = 0. Suppose -h - 14 = -d*c, 20 = 3*c - 2*h + 7*h. Suppose 275 = c*p - 5*m, -11 = 3*m + 1. Is p a composite number?
True
Let c(j) = -198*j + 36. Let p be c(1). Let x = p + 551. Is x composite?
False
Let v be (-6)/4 + 26/4. Suppose -5*r + 2 = 5*c - 43, 0 = -v*c + 4*r. Is (31 - 33)*(-2)/c*379 prime?
True
Suppose -4*s = -5*d + 3881, 0*d - 2*d + 1542 = s. Let o = d - -1200. Is o a composite number?
False
Let x(b) = b**2 - 14*b + 5. Let f be x(14). Let z be (-2)/f - 476/(-140). Suppose z*u - 19649 = -4*n, 4*u + 2*n + 0*n - 26192 = 0. Is u a prime number?
True
Let t = -19 - -11. Let i(h) = 17*h + 105. Let q be i(-9). Is 12/q + (-9066)/t a prime number?
False
Is ((-44351004)/(-657))/(4/3) composite?
True
Suppose -174*j + 2509 = -173*j. Let u = j + 600. Is u a composite number?
False
Let n = 291 + -171. Let o = n + -119. Is (1 + o/(-5))*(-14885)/(-26) a prime number?
False
Suppose 2*n - 411410 = -4*p, -3*n + 2*p + 355079 = -261964. Is n composite?
True
Let x(j) = -116*j + 7. Let c be x(-7). Suppose -16802 = -31*d + 14880. Let q = d + c. Is q composite?
True
Suppose 1302*g - 1336*g = -5879722. Is g composite?
False
Suppose 639363 = 159*t + 222360 - 1467306. Is t composite?
True
Suppose 6*z = 2*j + 2*z + 10, 2*z = -j - 9. Let c(r) = -67*r - 2 + 2*r + 26. Is c(j) a composite number?
False
Let t(a) = a**3 - a**2 + 6*a + 3. Let c be t(0). Suppose -3034 = -c*y + 131. Is y a composite number?
True
Let y be ((-28)/6)/7*549/(-6). Suppose 58*n - y*n + 30453 = 0. Is n prime?
True
Let w(o) = o**3 + 12*o**2 - 29*o - 1. Let u be w(-14). Suppose -u*d + 50410 = 9291. Is d a composite number?
False
Suppose 10 = i + 8. Suppose i*h = -h. Suppose -f + 2*f - 62 = h. Is f a prime number?
False
Let j = -321259 + 566642. Is j composite?
False
Let k(c) = 26 - 14 + 7*c + c**2 + 3*c - 2. Let w be k(-3). Let p(l) = -l**3 - 11*l**2 - 11*l + 6. Is p(w) a prime number?
True
Let y = -9726 + 18575. Is y prime?
True
Suppose c + l - 20479 = 0, -13*c + 20491 = -12*c - 3*l. Let g = c - 11861. Is g a composite number?
True
Let x(t) = -12*t**3 + 3*t - 3. Let f be x(2). Let k = -457 - -315. Let r = f - k. Is r a composite number?
True
Let m(l) = -l**3 - 12*l**2 - 25*l + 23. Let w be m(-9). Suppose -5*t = -z + 258, 265 = -w*z + 6*z + 2*t. Is z prime?
True
Let b = -82804 - -122632. Suppose -3*j = -15*j + b. Is j prime?
True
Let a(d) = 42*d**2 + 24*d**2 + 0*d - 3*d - 3 - d. Let g = -219 + 217. Is a(g) a prime number?
True
Let o(a) = -68*a**3 - 20*a**2 - 91*a + 227. Is o(-18) a composite number?
False
Let q(a) = 2381*a - 2. Let h be q(6). Is 3*((-15)/(-3) + -6) + h a composite number?
False
Let x(h) = 2499*h - 775. Is x(18) composite?
False
Let f = -57 + 69. Let p(z) = z**3 - z**2 - 12*z + 29. Is p(f) prime?
False
Suppose 14*a - 200099 = -2280163. Is (-6)/(-18) - a/6 a prime number?
True
Suppose 4*t - 2381336 = 2*z, -z = -3*z - 4. Is t prime?
True
Let o = 43508 + -30118. Suppose -9*g - 1393 + o = 0. Is g composite?
True
Let t = -68 - -83. Let l(p) = 2*p + t*p**2 - 24*p**2 + 11*p**2 - 41. Is l(19) prime?
True
Suppose -4*n + 4 = -2*t, -3*n - 5*t - 7 = 3. Suppose -3*s + 3*r + 17334 = n, s = -3*s + 5*r + 23111. Is s composite?
False
Let s(u) = 258*u - 36*u + 9 + 20*u. Let r be s(4). Suppose 4*v + 2*j = 5*v - r, -4*v + 3*j + 3913 = 0. Is v composite?
True
Suppose q = -4*y + 1600785, -283*q - 400170 = -y - 278*q. Is y composite?
True
Let w = 55088 + -20295. Suppose 0 = -6*y - 5*y + w. Is y a composite number?
False
Let t = 34019 - -217755. Is t composite?
True
Is 18813 - (-34)/119*-49 a composite number?
True
Suppose -13*h = -12*h - 2498. Suppose 7*q - 3333 = h. Suppose -3*k - 4*v + q = 0, 5*v + 788 = 3*k - 0*k. Is k composite?
False
Let y = 18778 - 9394. Suppose -f = 761 - y. Is f pri